 a(m) = 8*m**3 - 6*m**2 + 12*m + 3. Let q(v) = -6*a(v) - 7*p(v). Determine q(5).
3
Suppose y - 3*d = -0*y + 13, 2*d = 5*y - 26. Let n(j) = -j**2 - 4*j + 6. Let v(c) = 6*c**2 + 20*c - 30. Let w(p) = -11*n(p) - 2*v(p). Calculate w(y).
-6
Let f(u) be the first derivative of -u**3 - 3*u**2/2 - 3*u + 12. Give f(-2).
-9
Suppose -x + 1 = 0, -5*x - 31 - 12 = -4*o. Let d be (1/(-3))/((-4)/o). Let y(f) = 0 + 0 + 8*f. What is y(d)?
8
Let x(y) = -7*y**2 + 2*y + 9. Let r(p) = 10*p**2 - 3*p - 13. Let g(k) = 5*r(k) + 7*x(k). Calculate g(3).
4
Let d(u) = 5*u - 5*u - u**2 + 5*u + 2*u**2. Let y be d(-4). Let m(v) = -v**2 + 5. Give m(y).
-11
Let y = 12 + -13. Let v(r) = -7*r**2 - 2*r - 1. Calculate v(y).
-6
Let y = -3 + 1. Let b(p) be the first derivative of -2*p**3/3 + 2*p + 45. Give b(y).
-6
Let y(u) = 1 - 134*u - u**3 - 142*u + 276*u. Give y(2).
-7
Let q(l) be the second derivative of -1/12*l**4 + 0 + 1/2*l**2 - 3*l + 1/6*l**3. Let n = 11 + -8. Give q(n).
-5
Let t(w) = 1. Let r(v) = 2*v + 7. Let k(h) = r(h) - 6*t(h). Give k(-2).
-3
Let f(k) = 2*k**2 - k - 3. Let j be f(2). Let z(r) = -r**3 + 2*r**2 + r + 4. Give z(j).
-2
Let m(x) = -x - 7. Suppose 5 = -2*l - 7. Determine m(l).
-1
Let i(g) = -2*g - g**2 - g + 10*g + 8 - 9. Determine i(3).
11
Let v(g) be the first derivative of g**4/4 - g**3/3 - g**2 - g + 7. Determine v(-2).
-9
Let u(d) be the second derivative of d**4/12 + d**3/6 - 11*d**2/2 - 2*d. Let w = -11 + 16. Suppose 0 = -0*n - w*n. Calculate u(n).
-11
Let o(i) = -i**3 + 5*i**2 - 5*i + 3. Let p be (4/3)/((-2)/(-6)). Give o(p).
-1
Let u be (-10)/35 + 145/(-7). Let x be (18/u)/(1/7). Let m(g) = g**3 + 5*g**2 - 4*g + 6. What is m(x)?
-6
Let d(t) = -3*t**2 - 29*t - 24. Let x be (-1)/(-2) - 17/2. Let p(c) = c**2 + 10*c + 8. Let n(u) = x*p(u) - 3*d(u). Determine n(-6).
2
Let f(y) = -3*y + 7. Let w(g) = -1. Let k(o) = -f(o) - 5*w(o). Calculate k(2).
4
Let g(u) = u**2 - 3*u + 2. Let t(i) = i**3 - 2*i**2 + 2*i - 2. Let m be t(3). Let k = 21 - m. Suppose k = o + o. Determine g(o).
6
Let n(w) = w**2 + 3*w - 3. Let h(g) be the third derivative of g**5/20 + g**4/3 - 4*g**3/3 + g**2. Let l(k) = 3*h(k) - 8*n(k). Give l(-1).
1
Let b(z) = -2*z - 2. Let p be (3 - 1) + (-6 - -2). Let s be b(p). Let r(f) = 0*f**s - 2*f**2 + 5*f + f**2 - 7. Calculate r(5).
-7
Let o(f) = f - 2. Let l = 4 - -4. Let b be (-3 - (-60)/9)/((-5)/15). Let n = b + l. Calculate o(n).
-5
Let x(b) be the first derivative of b**4 + 0*b + 1/3*b**3 + 0*b**2 + 4. Determine x(-1).
-3
Let a be (-3)/((-1 - -2)/2). Let r = 4 - 0. Let b(j) = 2 + r + j - 3 + 0. What is b(a)?
-3
Let j(v) = 8*v - 3. Let s(i) = -17*i + 7. Let t(l) = -5*j(l) - 2*s(l). Suppose -3 = -5*o + 3*p, o - 3*p = 4*o - 21. Let y be o/6*(2 + -4). Give t(y).
7
Let r(l) = -2*l - 1. Suppose -67 + 5 = -2*a. Suppose 2*n - 5*h = a, 0*n + 5*n - 3*h = 30. Let v be ((-1 - n) + -1)*1. What is r(v)?
9
Let w(k) = -6*k**2 + 3 + 1 - k - k**3 + 8*k. Let o be w(-7). Suppose -r + o*s = -21, -3*r + s + 9 = r. Let f(y) = -2*y**3 - y**2 + 2*y - 1. Determine f(r).
-2
Let t(j) = -3*j**3 - 5*j**2 - 6*j - 5. Let z(s) = -s**3 - s - 1. Let a(q) = -t(q) + 2*z(q). What is a(-4)?
3
Let d(f) = 5*f - 6*f + 3*f + 6 - 4*f. What is d(5)?
-4
Let t = 23 + -13. Let k be 3/(-2) - t/(-4). Let f(c) = 6*c**2. Give f(k).
6
Let v(n) be the second derivative of -n**3/2 + n**2 - 13*n. Calculate v(-2).
8
Let n(w) be the third derivative of w**4/12 + 3*w**3/2 + 11*w**2 - 2*w. Give n(-7).
-5
Let s(q) = -q**3 - 3*q**2 - q. Let j be s(-3). Let y(p) = 2*p - 4. What is y(j)?
2
Let q(w) be the first derivative of 11*w**2/2 + 2*w - 2. Let v(t) = 17*t + 3. Let f = 6 + -11. Let u(d) = f*v(d) + 7*q(d). What is u(1)?
-9
Let d be (1/4*-2)/((-8)/48). Let l(j) be the second derivative of -2*j**3/3 + 2*j**2 - j. What is l(d)?
-8
Let z(x) = 4*x - 1. Let a(b) = b. Let j(d) = 5*a(d) - z(d). What is j(-1)?
0
Let y(f) = f**3 + 21*f**2 + f + 24. Let j be y(-21). Let a(n) be the first derivative of 6*n + 1/3*n**3 + 7/2*n**2 - j. Give a(-6).
0
Let v(n) = -n**3 - 7*n**2 - 6*n + 8. Let y be ((-6)/(-7))/(13/(-91)). Determine v(y).
8
Let x(i) = 6*i**3 - i**2 + i - 8. Let o(p) = 9 - 3*p**3 + 5*p**2 - 4*p**3 - p + 0*p**3 - 3*p**2. Let a(c) = 5*o(c) + 6*x(c). Calculate a(-3).
3
Let m(q) = -2*q**3 + 4*q**2 - 2*q - 1. Suppose -13*c = -8*c - 15. Suppose z - 6 - 2 = -c*p, -2*z = -2*p. Calculate m(z).
-5
Let m(s) = -3*s**2 + s + 1. Let k be m(-1). Suppose -5*x - 4*t + 40 = t, -2*x - 19 = -5*t. Let f(z) = -x*z + z**2 + 1 + 0 + 6*z. Determine f(k).
1
Let u(b) be the second derivative of -b**6/120 - b**5/12 - b**4/8 - b**3 - 3*b**2/2 + b. Let j(v) be the first derivative of u(v). Calculate j(-5).
9
Suppose 2*w = 5*y - 21, -w - y + 9 = -3*w. Let x be 2/(-4)*0*-1. Let f(k) = 3 - 3*k - 2 - 5 + x*k. Calculate f(w).
5
Let r(c) = -1. Suppose 5*y + 0*y + 5 = 0. Let a(k) = 2*k + 5. Let s(z) = y*a(z) - 6*r(z). Let m(x) = x**3 - 5*x**2 + 2*x - 6. Let v be m(5). Determine s(v).
-7
Let a(s) = -2*s + 2*s**2 - s**2 + 2*s**2 - 1 + 4*s**2. Calculate a(-1).
8
Let y(o) = -o**2 + o + 2. Let a be y(0). Let x(s) = -s**a + 7 - 3*s + 0*s + 2*s - 2*s. Determine x(-5).
-3
Let y(o) be the first derivative of o - 1/3*o**3 - 1/4*o**4 + o**2 - 3. Determine y(-1).
-1
Let r(s) = s**2 + s - 1. Let j = 0 + 0. Let v be j*(0 + 2)/(-2). Give r(v).
-1
Let m = 1 + -5. Let z(l) = 3*l**2 - 6*l - 4. Let k(a) = -4*a**2 + 6*a + 4. Let i(r) = 4*k(r) + 5*z(r). Let s be i(m). Let q(d) = -d - 2. Determine q(s).
-6
Let r(o) = 2*o - 4*o**2 + 5*o**2 + 11*o**3 + o - 2*o. Calculate r(-1).
-11
Let n = -28 - -28. Let g(x) = 3*x - 5 - x + n*x - x. Calculate g(-4).
-9
Let g(q) = -q**3 + 7*q**2 + 2*q - 5. Let n be g(7). Let k(o) = 6*o - 6*o**2 + n - 9 - 2*o + o**3. Give k(5).
-5
Let x(i) = -i**3 + 2*i**2 - 1. Let b be x(-1). Let k(c) = -1 + c - c**2 + 0*c + 2*c**b. Let a(y) = y**3 - 2*y**2 + y + 2. Let s be a(0). Give k(s).
5
Let i(t) = -9 - 7*t - 3*t - t**2 - 4*t. Determine i(-13).
4
Suppose -v = -8*p + 3*p + 27, -2*v - 12 = -3*p. Let i(x) = -x + 8. What is i(p)?
2
Let g = -63 - -63. Let l(w) = -w**3 - 4*w**2 + w - 8. Let c(j) = -2*j**3 - 7*j**2 + 2*j - 16. Let u(m) = 3*c(m) - 5*l(m). What is u(g)?
-8
Let u(y) be the first derivative of y + 3 - y**2 - 4*y**2 + 0 - 4. Calculate u(1).
-9
Let g(k) = -k**3 - 7*k**2 - 4*k + 7. Suppose -s - 14 = -2*a - 3*a, -5*a + 3*s = -22. Suppose -a*r = -r - 1. Let b be (-3)/r - 3/1. Determine g(b).
-5
Let u(c) be the first derivative of c**2 + 4*c - 8. What is u(-3)?
-2
Let y(z) = z**3 + 5*z**2 - 2. Let c = -82 + 77. Determine y(c).
-2
Suppose 0*t - 18 = -3*u - 3*t, -3*u = 4*t - 22. Suppose l - u = 1. Let i(h) = 2*h + 2. Determine i(l).
8
Let p(w) be the third derivative of -1/60*w**5 + 0 - 2*w**2 - 5/24*w**4 - 1/6*w**3 + 0*w. Give p(-5).
-1
Let j(i) be the first derivative of i**3/3 + i**2/2 + i - 3. Let p(l) = l**2 - 3*l + 2. Let w(u) = 2*j(u) - p(u). Calculate w(-6).
6
Let n(v) = v**2 - v + 10. Suppose -3*p - 4*x + 16 = 0, -3*p + 7*p - 5*x = -20. Give n(p).
10
Let i(s) be the third derivative of 0 + 0*s - 1/60*s**6 - 1/12*s**4 - s**2 + 1/6*s**3 + 0*s**5. Let d(l) = -4*l + 1. Let w be d(0). What is i(w)?
-3
Let v(h) = h**3 - 5*h**2 - h - 2. Let k be (2/(-8) + (-95)/20)/(-1). Calculate v(k).
-7
Let s(g) = -3*g**2 + g + 1. Suppose -11 = 4*y + 17. Let c = y - -9. Calculate s(c).
-9
Let v(y) = -y**3 + 6*y**2 - 5*y - 5. Suppose x - 1 = -2*j, -x - 3*j + 1 = 2*j. Let o = 6 - x. Calculate v(o).
-5
Let x(w) be the first derivative of 7*w**2 - 19*w - 1. Let n = -36 - -19. Let f(m) = -5*m + 6. Let i(a) = n*f(a) - 6*x(a). What is i(-5)?
7
Let o(l) = l + 1. Let r(y) = -3*y**2 + 5*y + 6. Let a(z) = -6*o(z) + r(z). Suppose -5*d + 1 = 6. Determine a(d).
-2
Let i be (-12)/(-5) - (-6)/(-15). Let z be i/(-11) - 171/(-33). Let k(o) = o - 5. Determine k(z).
0
Let g(s) = -s**2 + 3*s - 3. Let l be 10/(1 + 1/1). Give g(l).
-13
Suppose s = -s. Let k(p) be the first derivative of p**4/4 + p**3/3 + p**2/2 + 6*p - 5. Calculate k(s).
6
Let z(a) = a**3 + 3*a**2 + a - 1. Suppose 9*f = 4*f - 15. Let o be z(f). Let g(j) be the second derivative of -j**3/6 + j. What is g(o)?
4
Let c(a) be the second derivative of -3*a**5/20 - a**4/4 + 14*a. Give c(-2).
12
Let g(s) be the third derivative of s**4/24 - 2*s**3/3 - 6*s**2. Let o be 2 + (-2)/(1 - 0). Suppose o = -4*z + 8*z - 20. Gi